325.
13
Calculate the greatest common factor of 4116 and 164836.
196
Calculate the greatest common factor of 17253 and 198729.
639
Calculate the highest common divisor of 501 and 55444.
167
What is the greatest common factor of 320 and 6244720?
80
Calculate the highest common divisor of 816 and 2992.
272
What is the greatest common factor of 167558 and 2786?
398
Calculate the highest common factor of 55248 and 48.
48
What is the highest common factor of 96 and 620656?
16
What is the highest common divisor of 46393 and 2363?
17
What is the highest common divisor of 1485 and 56595?
165
Calculate the highest common divisor of 17173 and 637.
13
What is the highest common factor of 36 and 1067985?
9
What is the greatest common divisor of 279 and 209529?
279
What is the greatest common factor of 427 and 34433?
7
Calculate the highest common divisor of 10 and 845370.
10
What is the highest common divisor of 1644 and 1698663?
411
What is the greatest common divisor of 188 and 643054?
94
What is the greatest common factor of 16 and 11100?
4
Calculate the highest common factor of 24 and 5268.
12
What is the highest common factor of 216 and 31368?
24
Calculate the highest common factor of 63350 and 350.
350
What is the greatest common factor of 183 and 203130?
183
What is the highest common divisor of 82287 and 123?
123
What is the greatest common divisor of 1133808 and 92?
92
Calculate the highest common divisor of 687 and 555325.
229
What is the highest common factor of 11774 and 28?
14
Calculate the greatest common divisor of 1054 and 28662.
34
What is the greatest common factor of 105470 and 1060?
530
What is the greatest common divisor of 86 and 5246?
86
Calculate the highest common divisor of 83729 and 10777.
829
What is the highest common factor of 90 and 1885230?
90
What is the greatest common factor of 81880 and 26?
2
Calculate the greatest common factor of 25550 and 3150.
350
Calculate the highest common factor of 34568 and 754.
58
Calculate the highest common divisor of 74924 and 44.
4
What is the highest common factor of 4155 and 1335?
15
What is the highest common factor of 431319 and 19665?
1311
Calculate the highest common factor of 15130 and 5440.
170
What is the greatest common divisor of 42 and 134?
2
What is the highest common divisor of 32802 and 567?
21
Calculate the greatest common factor of 216 and 205992.
72
What is the greatest common factor of 117 and 4642443?
117
Calculate the highest common divisor of 176 and 209088.
176
Calculate the greatest common factor of 8673 and 6549.
177
Calculate the greatest common divisor of 748 and 1751.
17
Calculate the greatest common factor of 22765 and 1015.
145
Calculate the highest common factor of 569411 and 9614.
437
What is the greatest common factor of 33 and 201003?
33
Calculate the greatest common divisor of 2384 and 586166.
298
What is the highest common factor of 105697 and 570?
19
What is the greatest common factor of 494 and 1223638?
494
Calculate the greatest common factor of 72754 and 121.
11
What is the greatest common divisor of 236 and 76582?
118
Calculate the highest common factor of 1182 and 1943602.
394
What is the greatest common divisor of 7410 and 546?
78
Calculate the greatest common divisor of 664 and 904.
8
Calculate the highest common divisor of 4 and 27932.
4
What is the greatest common divisor of 1636807 and 487?
487
Calculate the greatest common divisor of 3128 and 184.
184
Calculate the highest common factor of 416 and 21944.
104
Calculate the highest common divisor of 192634 and 26.
26
Calculate the highest common factor of 770 and 7560.
70
What is the greatest common factor of 1220 and 2000?
20
What is the highest common divisor of 27328 and 7?
7
What is the highest common factor of 44530 and 73?
73
Calculate the greatest common factor of 1366498 and 14.
14
Calculate the highest common factor of 8045 and 5.
5
Calculate the greatest common factor of 872 and 3309676.
436
What is the highest common divisor of 879 and 6721420?
293
Calculate the greatest common factor of 711510 and 6105.
555
Calculate the greatest common factor of 11 and 309221.
11
Calculate the greatest common divisor of 7008 and 384.
96
Calculate the greatest common divisor of 64 and 699328.
64
Calculate the greatest common divisor of 88 and 151272.
88
Calculate the greatest common factor of 2 and 11306.
2
What is the highest common factor of 71 and 77603?
71
Calculate the greatest common divisor of 93 and 160257.
3
Calculate the highest common factor of 225404 and 148.
148
What is the highest common divisor of 63 and 27951?
21
What is the greatest common factor of 10362 and 21351?
33
What is the greatest common divisor of 564 and 1332?
12
Calculate the highest common divisor of 88 and 1391588.
44
What is the highest common factor of 7866 and 28221?
69
Calculate the highest common divisor of 118 and 11675.
1
Calculate the greatest common divisor of 1216 and 494.
38
Calculate the greatest common divisor of 4851 and 16758.
441
What is the greatest common factor of 1148 and 1512?
28
Calculate the greatest common divisor of 872 and 3240.
8
Calculate the greatest common factor of 110351 and 2608.
163
Calculate the highest common factor of 348 and 478413.
87
What is the highest common factor of 174240 and 1215?
45
Calculate the greatest common divisor of 296 and 5624.
296
What is the highest common divisor of 340 and 189856?
68
Calculate the highest common factor of 13356 and 64764.
252
What is the greatest common divisor of 4581118 and 37?
37
Calculate the greatest common factor of 36 and 25416.
36
Calculate the highest common divisor of 1040 and 45.
5
What is the highest common factor of 2500799 and 1064?
133
What is the greatest common divisor of 113407 and 119?
119
Calculate the greatest common divisor of 13 and 163657.
13
Calculate the highest common factor of 312 and 188487.
39
What is the greatest common divisor of 69 and 79511?
23
What is the greatest common factor of 984978 and 18?
18
What is the greatest common factor of 697 and 37433?
41
What is the greatest common factor of 274518 and 234?
18
Calculate the highest common factor of 10982 and 418.
38
Calculate the greatest common factor of 353502 and 6642.
738
Calculate the greatest common divisor of 1534 and 15678.
26
What is the greatest common factor of 3105 and 523485?
45
Calculate the highest common factor of 1398 and 739542.
1398
Calculate the highest common divisor of 7080 and 44958.
354
What is the highest common divisor of 78 and 16887?
39
What is the greatest common factor of 149834 and 342?
38
What is the greatest common divisor of 697 and 2482?
17
What is the highest common factor of 757 and 854653?
757
What is the greatest common factor of 3913 and 18361?
301
What is the highest common divisor of 144 and 10980?
36
Calculate the greatest common divisor of 59220 and 12972.
564
What is the highest common divisor of 3652 and 781?
11
What is the greatest common factor of 798 and 122493?
399
Calculate the greatest common divisor of 70 and 4910.
10
Calculate the highest common divisor of 46956 and 1911.
273
Calculate the greatest common factor of 560626 and 1496.
374
What is the highest common divisor of 18023 and 8339?
269
Calculate the greatest common divisor of 1684209 and 269.
269
What is the greatest common factor of 4612 and 4?
4
What is the highest common divisor of 619 and 10461719?
619
What is the highest common divisor of 469 and 959?
7
Calculate the highest common divisor of 115 and 125005.
115
What is the highest common factor of 7800 and 125?
25
Calculate the greatest common divisor of 9017 and 7384.
71
Calculate the greatest common divisor of 42 and 604856.
14
Calculate the highest common divisor of 56 and 449442.
14
Calculate the highest common divisor of 121136 and 377872.
1808
Calculate the greatest common factor of 88 and 204985.
11
What is the greatest common divisor of 340 and 660?
20
Calculate the greatest common divisor of 2781 and 412.
103
What is the highest common divisor of 473 and 559?
43
Calculate the highest common divisor of 6 and 26778.
6
What is the highest common divisor of 719 and 17?
1
Calculate the highest common divisor of 151540 and 40.
20
What is the highest common factor of 6448 and 143104?
208